t is r(10)?
-8
Let j(p) = -3*p**3 + 36*p**2 - 59*p + 6. Give j(10).
16
Let c(w) = 11*w**3 - 3*w**2 + 5*w + 16. Give c(-2).
-94
Let p(o) = o + 37. Give p(0).
37
Let h(c) = -79*c + 149. Determine h(2).
-9
Let s(p) = 101*p - 2718. Determine s(27).
9
Let u(z) = 25*z - 12. Determine u(0).
-12
Let x(y) = 50*y + 4. Calculate x(3).
154
Let t(u) = -u**2 - 86*u - 1643. Calculate t(-57).
10
Let m(n) = -n**2 - 110*n - 2674. Calculate m(-75).
-49
Let t(d) = d**3 + 178*d**2 + 6550*d - 257. Determine t(-126).
-5
Let d(l) = 12*l**2 - 407*l - 1233. What is d(-3)?
96
Let g(v) = 4*v**2 - 92*v + 21. Calculate g(23).
21
Let f(r) = -19*r - 492. Determine f(-25).
-17
Let i(r) = -462*r**3 - 3*r**2 - 7*r - 5. What is i(-1)?
461
Let w(d) = 9*d + 59. Determine w(-32).
-229
Let n(a) = -85*a - 10702. Give n(-126).
8
Let c(q) = 408*q + 54691. Give c(-134).
19
Let x(l) = 32607*l + 8. Determine x(0).
8
Let o(m) = m**2 + 179*m + 8002. Determine o(-86).
4
Let a(q) = 1458*q - 32073. Give a(22).
3
Let w(g) = -4*g**2 - 296*g + 95. What is w(-75)?
-205
Let i(w) = -295*w + 129. Give i(-2).
719
Let y(n) = n**3 + 43*n**2 - 74*n - 1339. Give y(-44).
-19
Let f(x) = 5*x**2 + 13*x + 58. Give f(-5).
118
Let b(a) = -a**2 - 103*a - 2633. Give b(-56).
-1
Let r(m) = m**2 + 26*m - 153. Give r(6).
39
Let s(m) = 7*m**2 + 39*m - 172. Calculate s(-10).
138
Let m(b) = b**3 - 7*b**2 + 31*b - 125. What is m(5)?
-20
Let n(h) = -21*h + 59. Determine n(-18).
437
Let w(i) = 687*i - 5456. Give w(8).
40
Let q(f) = -f**3 - 14*f**2 + 1813*f + 25385. Give q(-14).
3
Let g(u) = -39*u - 78. Determine g(-1).
-39
Let z(n) = -18*n**3 - 413*n**2 + 23*n - 8. Determine z(-23).
-8
Let j(n) = -n**3 - 2*n**2 - 146*n - 25. Calculate j(0).
-25
Let x(w) = 120*w - 1778. Calculate x(15).
22
Let p(g) = -80*g - 3970. What is p(-52)?
190
Let b(x) = x**3 - 9*x**2 - x + 23. Determine b(9).
14
Let w(s) = -120*s - 1063. Determine w(-9).
17
Let g(s) = -s**3 + 4*s**2 - 7*s - 39. What is g(0)?
-39
Let l(f) = -2642*f - 23799. Calculate l(-9).
-21
Let p(u) = -u**2 + 221*u - 11212. Give p(79).
6
Let j(u) = u**2 - 68*u + 922. Calculate j(19).
-9
Let n(p) = p**2 + 13*p - 5. Calculate n(-14).
9
Let t(y) = y**3 - 24*y**2 + 5*y - 106. Calculate t(24).
14
Let c(b) = 36*b**2 - 137*b - 2. Calculate c(4).
26
Let w(c) = 631*c + 208222. What is w(-330)?
-8
Let u(l) = -72*l - 360. Give u(-5).
0
Let g(l) = 17*l**2 - 9. Calculate g(3).
144
Let r(i) = 199*i - 9180. What is r(46)?
-26
Let p(g) = -g**3 + 9*g**2 - 23*g + 15. Calculate p(5).
0
Let w(q) = -q**2 + 22*q + 1185. Give w(-25).
10
Let b(m) = 262*m + 2563. Calculate b(-11).
-319
Let t(g) = 821*g - 3970. What is t(5)?
135
Let h(c) = c**3 + 9*c**2 - 13*c + 43. Calculate h(-7).
232
Let p(b) = b**2 - 94*b - 1710. Calculate p(-14).
-198
Let k(n) = 3*n**3 - 13*n**2 + 11*n - 27. Give k(4).
1
Let d(h) = -4*h**2 - 127*h + 376. Determine d(3).
-41
Let z(r) = -129*r + 2584. Give z(20).
4
Let l(p) = 4*p**3 - 10*p**2 + 6*p + 2. Give l(2).
6
Let g(q) = 3*q**2 - 35*q + 103. Calculate g(10).
53
Let c(r) = -r**2 + 6*r + 1. Determine c(2).
9
Let i(a) = 174*a + 4878. What is i(-28)?
6
Let r(y) = 5*y**3 + 18*y**2 - 30*y + 19. Give r(2).
71
Let a(i) = i**2 - 23*i + 89. Give a(19).
13
Let d(l) = -879*l + 14069. Determine d(16).
5
Let s(v) = -399*v + 7323. Give s(19).
-258
Let d(r) = -2*r**3 - 6*r**2 - 11*r - 36. What is d(-6)?
246
Let a(x) = -x**3 + 11*x**2 + 31*x - 62. Give a(13).
3
Let x(b) = -b**3 + b**2 - 27*b - 44. Determine x(0).
-44
Let n(i) = -7835*i - 31327. Determine n(-4).
13
Let j(x) = -2*x - 9. Give j(14).
-37
Let k(h) = 1655*h**2 + 11591*h + 27. Determine k(-7).
-15
Let l(i) = 4*i - 113. Calculate l(28).
-1
Let n(k) = 4*k**2 + 15*k - 18. What is n(-7)?
73
Let a(h) = h**3 + 5*h + 12. Give a(5).
162
Let p(b) = 28*b**3 + b. Determine p(-1).
-29
Let y(k) = 3041*k + 24335. Calculate y(-8).
7
Let h(k) = 18*k**2 - 450*k - 30. Determine h(25).
-30
Let a(w) = 2*w**2 + 123*w + 1700. Give a(-21).
-1
Let j(m) = -2*m**2 + 88*m + 786. What is j(-8)?
-46
Let v(k) = k**3 - 31*k**2 + 37*k - 98. What is v(30)?
112
Let l(a) = -699*a - 56. Calculate l(-1).
643
Let z(s) = -4*s**2 + 24*s - 10. Give z(5).
10
Let d(l) = -2*l**2 + 110*l + 1750. Give d(-14).
-182
Let l(c) = c**3 - 9*c**2 - 67*c + 294. Give l(4).
-54
Let o(u) = u**3 + 26*u**2 + 66*u + 422. Calculate o(-24).
-10
Let d(q) = -246*q + 1095. Give d(5).
-135
Let x(d) = d**3 + 17*d**2 - 20*d - 64. Calculate x(-18).
-28
Let j(t) = -19*t - 1643. What is j(-85)?
-28
Let v(l) = 140*l**2 + 49*l + 7. Calculate v(1).
196
Let x(m) = -12*m**3 - 682*m**2 + 111*m - 179. What is x(-57)?
-8
Let b(m) = -79*m - 857. Determine b(-12).
91
Let b(m) = 457*m + 29237. Calculate b(-64).
-11
Let b(h) = 140*h - 835. Determine b(6).
5
Let q(z) = z**3 - 16*z**2 + 28*z - 26. What is q(14)?
-26
Let v(u) = 5*u**2 - 389*u + 345. What is v(77)?
37
Let d(l) = -l**3 + 2*l**2 - 141*l + 969. Calculate d(6).
-21
Let t(c) = -29*c - 2726. What is t(-107)?
377
Let d(p) = 2*p**2 + 18*p - 969. What is d(18)?
3
Let x(s) = 19*s - 482. Calculate x(27).
31
Let n(d) = 403*d + 1224. Calculate n(-3).
15
Let m(b) = 217*b**2 - 63*b. Calculate m(1).
154
Let j(k) = -k**2 + 1663*k + 20103. What is j(-12)?
3
Let k(b) = b**2 + 132*b - 839. Give k(6).
-11
Let i(n) = 25*n**3 - 6*n**2 - 16*n - 4. Determine i(-2).
-196
Let o(j) = -651*j - 1911. What is o(-3)?
42
Let x(p) = 96*p + 5190. Calculate x(-54).
6
Let o(r) = 168*r - 43805. Calculate o(261).
43
Let o(a) = -17*a**2 + 56*a - 57. Give o(1).
-18
Let n(w) = w**3 - 44*w**2 + 3*w - 175. Give n(44).
-43
Let p(l) = -510*l**3 + 2*l**2 + 23*l + 24. What is p(-1)?
513
Let r(k) = 3*k**3 - 268*k**2 + 191*k - 9077. Determine r(89).
1
Let l(s) = 1141*s - 1151. Give l(1).
-10
Let g(h) = 6*h**3 + 29*h**2 - 95*h - 442. What is g(-5)?
8
Let z(v) = 203*v**2 - 545*v - 11. Calculate z(3).
181
Let g(i) = i**2 - i - 3624. Give g(-60).
36
Let k(j) = -92*j + 8562. Determine k(93).
6
Let i(y) = -110*y**2 + 85*y + 176. Determine i(-2).
-434
Let c(k) = -k**2 - 28*k - 133. Calculate c(-7).
14
Let x(m) = -167*m**2 - 406*m. Give x(-2).
144
Let h(y) = -84*y - 1578. Give h(-19).
18
Let o(q) = 9*q + 344. Give o(-39).
-7
Let z(a) = -356*a + 2518. Give z(7).
26
Let b(n) = 7*n**3 + 7*n**2 - 6*n - 24. Determine b(-2).
-40
Let o(t) = t**3 + 41*t**2 + 118*t + 151. What is o(-38)?
-1
Let q(k) = 27*k + 139. What is q(-9)?
-104
Let n(q) = -q**3 - 107*q**2 - 297*q + 1568. Give n(-104).
8
Let y(s) = -221*s - 2729. What is y(-13)?
144
Let l(s) = -82*s + 925. Calculate l(12).
-59
Let v(i) = 2*i**2 - 18*i - 235. Determine v(-9).
89
Let j(m) = 16*m**2 - 76*m - 7. Give j(5).
13
Let n(m) = -m**3 - 12*m**2 + 21*m + 49. Calculate n(-12).
-203
Let w(r) = -2*r**3 + 27*r**2 + 31*r - 559. Give w(13).
13
Let s(w) = -w**2 - 115*w + 4. What is s(0)?
4
Let w(x) = 16*x**2 - 27*x - 22. Determine w(-1).
21
Let q(h) = h**2 + 2*h - 117. Calculate q(-11).
-18
Let w(c) = 2*c**3 + 48*c**2 + 56*c + 227. Calculate w(-23).
-3
Let q(a) = 733*a + 19. Give q(-1).
-714
Let m(s) = -s**3 + 28*s**2 - 86*s - 184. Give m(24).
56
Let u(a) = -3*a**2 + 136*a - 39. What is u(43)?
262
Let s(f) = 2*f**3 - 29*f**2 + 23*f - 9. Calculate s(14).
117
Let w(t) = -t**3 + 157*t**2 + 1492*t + 380. Give w(166).
48
Let n(x) = 16*x**3 + x**2 - 4*x + 6. What is n(1)?
19
Let a(s) = 12*s**2 - 7*s - 7. What is a(3)?
80
Let b(q) = 191*q - 9158. Give b(48).
10
Let u(s) = -s**2 - 9*s - 99. Calculate u(-18).
-261
Let r(v) = -v**2 - 70*v + 811. Determine r(10).
11
Let q(b) = -3*b**2 + 13560*b + 13559. Determine q(-1).
-4
Let i(y) = -216*y + 8131. What is i(38)?
-77
Let k(u) = u**2 + 78*u - 907. Give k(10).
-27
Let y(u) = 2*u - 81. What is y(-28)?
-137
Let o(p) = 506*p - 3366. What is o(5)?
-836
Let s(h) = -h**2 + 41*h + 29. Give s(42).
-13
Let w(o) = -9*o**2 + 95*o + 54. Calculate w(11).
10
Let m(b) = -b**2 - 8*b + 115. What is m(-14)?
31
Let z(y) = 715*y - 1425. Calculate z(2).
5
Let n(u) = u**3 + 38*u**2 + 66*u + 83. Determine n(-36).
299
Let s(i) = 11*i**2 + 7*i + 8. Determine s(-2).
38
Let n(p) = -2*p**2 + 8*p + 68. Give n(-5).
-22
Let t(p) = 9*p**2 + 62*p - 125. What is t(2)?
35
Let f(y) = y**2 + 59*y + 847. What is f(-25)?
-3
Let p(k) = 60*k**2 - 423*k + 54. Determine p(7).
33
Let x(j) = 2*j**2 - 29*j + 62. What is x(12)?
2
Let h(s) = -2*s**2 + 5*s + 128. Determine h(-14